umber?
False
Suppose -h = -24 - 36. Suppose 8*s - 11*s = -78. Let t = h - s. Is t prime?
False
Suppose 3*x + 53 = -5*g, 0 = -3*g - 2*x + 6*x - 26. Is (g/6)/((-3)/171) a prime number?
False
Is (-44337)/(-21) + 1/(14/(-4)) prime?
True
Let t(g) = 12*g - 13. Is t(14) prime?
False
Let n = 2 + 7. Let g = n + -6. Suppose -g*h + 4*s = -643, 0 = h - 0*h - 5*s - 229. Is h a prime number?
False
Suppose j = 7*j + 12. Is 189 + j + 4 + 0 prime?
True
Let k be 16/3 - 6/(-9). Suppose 2*m - k = -m. Suppose m*c - 204 = -2*c. Is c prime?
False
Let z be (-4)/6 + 169/(-3). Is ((-8)/(-6))/((-2)/z) prime?
False
Let s = 758 + -501. Is s composite?
False
Let c = 188 + -571. Let z = c - -618. Is z prime?
False
Let w(i) = i**2 - 2. Is w(-9) a prime number?
True
Let g be 2/(((-8)/1382)/(-2)). Suppose -2*h - s = -468, -4*s - g = -5*h + 2*h. Is h a prime number?
True
Suppose -t - 408 = -4*g, -2*g - 5*t + 384 = 2*g. Let f = 383 - 223. Let w = f - g. Is w a prime number?
True
Let w = 2 - -1. Let s(y) = -y**2 - 22*y - 13. Let m be s(-18). Suppose w*c - 31 = 2*c + n, m = 2*c - 3*n. Is c a composite number?
True
Suppose 3*r - 20 = 7*r. Let y(m) = -2*m**3 - 5*m**2 + 3*m + 5. Let t be y(r). Suppose -2*w + t = -63. Is w a prime number?
True
Let p(w) = -w + 1. Let u be p(2). Let o = u - 3. Let z(t) = -5*t + 1. Is z(o) a composite number?
True
Suppose p - 3 = 5*h + 6, -5*p + 25 = -5*h. Suppose 11 - p = v. Suppose -2*a - 265 = -v*a. Is a a composite number?
False
Let v(t) = -t**3 + t**2 - t + 46. Let a be (2 + 1)*4/(-12). Let r = a - -1. Is v(r) prime?
False
Let a be (-2)/(-4)*(-3 - -1). Is -12*(a - 4/(-6)) a prime number?
False
Suppose -8 - 4 = -2*t. Is (-5 - -2)/t*-158 a prime number?
True
Suppose 0 = -4*u - 4*r, -5*u = -5*r + 2*r. Suppose -415 = -5*x - 5*n, 0*x + 2*x + 5*n - 178 = u. Is x composite?
False
Let y = 12 + -9. Suppose -h = -y*h + 76. Is h a composite number?
True
Let r(f) = -10*f**2 + 4*f + 6. Let d be r(-7). Let q = 129 - d. Is q prime?
True
Suppose 0 = 4*a + 20, -2*y = -y + 2*a - 135. Is y a composite number?
True
Suppose 10 = -2*l, 4*l - 758 = -3*k + 5*l. Is k prime?
True
Suppose 5*w - 308 = -2*j, 5*j + w + 334 = 1081. Suppose 5*f = 6*f - j. Is f a prime number?
True
Let q(y) = y + 2*y**2 + 14 + 20*y + 3*y. Let o(d) = d**2 + 12*d + 7. Let z(u) = 7*o(u) - 3*q(u). Is z(-12) a prime number?
True
Suppose 5*z - 5 - 5 = 0. Suppose z*x - 91 = x. Is x prime?
False
Suppose -o = 2*o - 6. Is 70 - (3 + o/(-1)) composite?
True
Suppose -2*z = 5*m - 4*z - 2222, 0 = 3*m - 2*z - 1330. Is m a composite number?
True
Let d = 15 - 23. Let t = 14 + d. Is t prime?
False
Suppose 2*o - 91 = -p + 1481, -3*p = -o + 779. Is o prime?
False
Suppose 4*u - 9 = r, -4*r = -u - 12 - 12. Is r a composite number?
False
Suppose 0 = 6*t - 9097 + 1207. Is t prime?
False
Let a be ((-26)/10 + 2)*-15. Let j = -18 + a. Is j/(-6)*2 + 18 prime?
False
Suppose 2*g - 7*g - 1445 = 5*w, -5*g = -20. Let p be 8/(-10)*(171 - 1). Let x = p - w. Is x prime?
True
Suppose 4*t - 6295 = -t. Is t a composite number?
False
Let v = 815 - 274. Is v composite?
False
Let z(a) = -3*a**2 - 4*a + 157. Let s(t) = t**2 + t. Let h(n) = 2*s(n) + z(n). Is h(0) composite?
False
Let n(g) = -g**3 + 7*g**2 + 9*g - 6. Let a be n(8). Is a - 2 - 1288/(-8) prime?
False
Let i = 406 + -252. Suppose -n - 30 - i = 0. Let x = 311 + n. Is x a composite number?
False
Let v = -202 - -325. Is v a composite number?
True
Let k(h) = -1075*h + 21. Is k(-2) a prime number?
False
Suppose -m - m + 110 = 0. Suppose -5*i = -0*i - m. Is i a prime number?
True
Is -1 + 2 - (2 - (1547 + -3)) a composite number?
False
Is (-2 - (26 - -3)*-47) + 0 composite?
False
Is -1 - 112/(-3 - -1) composite?
True
Suppose 4222 = 10*d - 648. Is d a composite number?
False
Let d be (-96)/(-6)*2/4. Suppose 2*x - d = -2*x. Suppose -w + 0*z = 2*z - 15, 3*z - 30 = -x*w. Is w a composite number?
True
Let p = -30 + 151. Suppose 2*y - 4 = 5*g + p, 128 = 2*y - 4*g. Let f = -33 + y. Is f prime?
True
Let z = 215 - 141. Is z prime?
False
Suppose -2*l - l + 4*d - 20 = 0, 2 = -l - d. Is (174 + l)*2/4 a prime number?
False
Let h(u) = 2*u**2 - 6*u + 3. Suppose -i - 6 = -2*i. Let r be 18*(3/i)/1. Is h(r) a composite number?
True
Let u = -8 - -6. Let k(l) be the third derivative of -7*l**6/120 - l**5/30 - l**4/8 - l**3/6 - 2*l**2. Is k(u) prime?
True
Suppose -20 + 0 = 4*q. Let k(n) = 13*n**2 + 5*n - 7. Is k(q) prime?
True
Let r(v) = 5*v**2 + v - 5. Is r(-7) a composite number?
False
Let a be 9*(-3 + 1 + 5). Suppose 449 = 5*b - 3*g, 0 = 2*b + 3*g - 215 + a. Is b composite?
True
Suppose -670 = -v + 613. Is v prime?
True
Suppose -2*a = 2*a - 12. Let b be 3/a + -4 + 1. Is (-7)/(1/(b + -35)) composite?
True
Suppose 68 = -2*o - 2. Suppose -n = 2*n. Is (6/(-10) - n)*o composite?
True
Suppose -4*n + 2 = -6. Suppose 446 = 4*f - n*f. Is f a composite number?
False
Let x(u) = -2*u**2 - 7*u - 11. Let j(g) = g**2. Let h(t) = 3*j(t) - x(t). Is h(10) prime?
False
Suppose 5*n - 132 = 58. Suppose -2*p + 2*c + n = 0, 3*p + 5*c - 11 = 70. Is p a prime number?
False
Let c be 32/14 - (-8)/(-28). Suppose -c*l - 18 = -4*z, 6 = 2*z - 4*l - 12. Suppose 3*x - 5*y = 5*x - 305, z*y = 4*x - 571. Is x prime?
False
Let j(b) = 2*b**3 - 5*b**2 - 6*b - 7. Let f be j(5). Let h = -11 + f. Is h composite?
True
Let k = 33 - 20. Is k composite?
False
Let k(c) = -c**2 + c + 2. Let b be k(3). Let v(w) = 5*w**2 - 3*w - 1. Is v(b) a composite number?
True
Suppose -h + 3*c = -2*h + 33, -102 = -4*h - 2*c. Suppose -d - 4*i + h = -3*i, d + 5*i - 36 = 0. Is d prime?
False
Let u = 163 - 116. Is u a prime number?
True
Let d(h) = 0*h + h**3 - 4 - 5 - 2*h + 6*h**2. Let k be d(-6). Suppose k*c - 395 = -2*c. Is c a prime number?
True
Let b(k) = k - 4. Let j be b(6). Suppose -43 = -j*o + 203. Is o a composite number?
True
Suppose 4*h = -z + 1074, -z + 4322 = 3*z + 3*h. Is z a composite number?
True
Let t(q) = -5*q + 3. Let l = -1 + 3. Suppose -3*f = l*f + 20. Is t(f) prime?
True
Let j be 8/4 + -1 + 203. Suppose 3*b + b + j = 0. Let l = 130 + b. Is l composite?
False
Suppose 0 = 4*r - 0*r + 4*p - 8, 6 = -2*p. Suppose r*n - 1816 = 429. Is n a prime number?
True
Let j(n) = 109*n + 4. Suppose 5*o - 12 = 3. Is j(o) composite?
False
Suppose -8*k + 3619 = -1677. Is k a prime number?
False
Suppose 15 = h + 4*h. Let o be 24/(-32)*(-1 - 3). Suppose 63 = o*w + h*x, -5*x - 36 = -5*w + 69. Is w a composite number?
True
Let t(o) = -o**2 - 7*o - 3. Let p be t(-6). Let j = -1 - -1. Suppose p = g - j. Is g composite?
False
Let i = 822 + -433. Is i a composite number?
False
Is 3 - (-1145 - 3) - 0 a composite number?
False
Let w be 18/4 - (-2)/4. Suppose -2*h - 2*n - 17 = -3*h, -25 = w*n. Let o(g) = -g**2 + 17*g - 3. Is o(h) a prime number?
True
Let r(y) = 52*y**3 - y. Let v = 17 - 16. Is r(v) composite?
True
Let c be 3/(-6)*(25 + 3). Let s = -8 - c. Suppose -3*m + s = -m. Is m a prime number?
True
Let p = 7 - 3. Suppose p*q + 15 = 63. Suppose 0 = s - 7 - q. Is s a composite number?
False
Let u = -12 + 35. Is u a prime number?
True
Let j = 7824 + -5035. Is j prime?
True
Is 1047 - (-4 + (3 - 1)) a composite number?
False
Suppose 64 + 23 = 3*t. Is t - (-7 - -2 - -1) a prime number?
False
Suppose 0 = -5*y + j + 97 + 42, -4*j = -y + 24. Let o = -16 + y. Let b(x) = x**2 - x + 17. Is b(o) a composite number?
False
Let g = -14 - -8. Let q(o) be the second derivative of o**4/12 - 2*o**3/3 - 7*o**2/2 + o. Is q(g) composite?
False
Let g(q) = 78*q + 1. Let l(f) = 39*f. Let n(m) = -2*g(m) + 5*l(m). Is n(3) composite?
True
Let g(u) = -25*u - 10. Let l(k) = -13*k - 5. Let q(r) = 3*g(r) - 7*l(r). Is q(5) composite?
True
Let r be ((-272)/(-20))/(1/(-40)). Let s = -309 - r. Is s prime?
False
Suppose -14 = 2*g + 5*c, 3*g + 23 = -5*c + 7. Let j(x) = -x**3 + 5*x**2 - 3*x - 1. Let i be j(4). Is (54/i - g) + -1 a prime number?
True
Let c = -372 + 573. Is c a prime number?
False
Let n = -433 + 724. Let b = -157 + n. Let f = 77 + b. Is f a prime number?
True
Let y be -2*1/2 - -9. Suppose h - 2*h = y. Is (-74)/h*(-4)/(-1) a prime number?
True
Let i(h) = 3*h**2 + 2*h - 3. Is i(5) a composite number?
True
Let h(p) = 10*p**2 - 5*p + 12. Is h(-5) a prime number?
False
Let n = 9 - 16. Is (-4)/(n + 3)*211 composite?
False
Suppose -n = -5*n + 676. Is n a prime number?
False
Let p(o) = o**2 + 3*o + 2. L